{"id":10,"date":"2017-12-04T16:08:35","date_gmt":"2017-12-04T15:08:35","guid":{"rendered":"http:\/\/mon-village-ait-abdelkrim.ovh\/?page_id=10"},"modified":"2017-12-31T22:06:11","modified_gmt":"2017-12-31T21:06:11","slug":"contact","status":"publish","type":"page","link":"https:\/\/mon-village-ait-abdelkrim.ovh\/index.php\/contact\/","title":{"rendered":"Coordonn\u00e9es des Membres du Comit\u00e9"},"content":{"rendered":"<table style=\"width: 700px; height: 28px;\" cellpadding=\"0\">\n<tbody>\n<tr style=\"height: 20px;\">\n<td style=\"width: 258px; height: 82px;\" colspan=\"3\">\n<p style=\"text-align: center;\"><span style=\"font-family: arial, helvetica, sans-serif; font-size: 18pt;\"><strong><span style=\"color: #0000ff;\">CHERS CONCITOYENS,<\/span><\/strong><\/span><br \/>\n<span style=\"font-family: arial, helvetica, sans-serif; font-size: 18pt;\"><strong><span style=\"color: #0000ff;\">VOUS ETES LES BIENVENUS!<\/span><\/strong><\/span><\/p>\n<\/td>\n<\/tr>\n<tr style=\"height: 20px;\">\n<td style=\"width: 258px; height: 82px;\"><span style=\"font-family: arial, helvetica, sans-serif; font-size: 14pt; color: #993300;\"><strong>TAREB ALI<\/strong><\/span><\/td>\n<td style=\"width: 174px; height: 82px;\"><span style=\"font-family: arial, helvetica, sans-serif;\"><strong>Pr\u00e9sident du Comit\u00e9<\/strong><\/span><\/td>\n<td style=\"width: 227px; height: 82px;\"><span style=\"font-family: arial, helvetica, sans-serif;\">T\u00e9l:<strong>06 70 01 83 29<\/strong><\/span><br \/>\n<span style=\"font-family: arial, helvetica, sans-serif;\">E-Mail:\u00a0<strong><span style=\"color: #ff0000;\">ali.tareb@yahoo.fr<\/span><\/strong><\/span><\/td>\n<\/tr>\n<tr style=\"height: 28px;\">\n<td style=\"width: 258px; height: 56px; text-align: left;\"><span style=\"font-size: 14pt;\"><strong><span style=\"font-family: arial, helvetica, sans-serif; color: #993300;\">MOULA\u00cf Rachid<\/span><\/strong><\/span><\/td>\n<td style=\"width: 174px; height: 56px; text-align: left;\"><strong><span style=\"font-family: arial, helvetica, sans-serif;\">1er Vice-Pr\u00e9sident<\/span><\/strong><\/td>\n<td style=\"width: 227px; height: 56px; text-align: left;\"><span style=\"font-family: arial, helvetica, sans-serif;\">T\u00e9l: <strong>05 53 43 38 86<\/strong><\/span><\/td>\n<\/tr>\n<tr style=\"height: 28px;\">\n<td style=\"width: 258px; height: 28px; text-align: left;\"><span style=\"font-size: 14pt;\"><strong><span style=\"font-family: arial, helvetica, sans-serif; color: #993300;\">TEBBAH Boussad<\/span><\/strong><\/span><\/td>\n<td style=\"width: 174px; height: 28px; text-align: left;\"><strong><span style=\"font-family: arial, helvetica, sans-serif;\">2\u00e8me Vice-Pr\u00e9sident<\/span><\/strong><\/td>\n<td style=\"width: 227px; height: 28px; text-align: left;\"><span style=\"font-family: arial, helvetica, sans-serif;\">T\u00e9l:<strong> 06 70 18 54 08<\/strong><\/span><\/td>\n<\/tr>\n<tr style=\"height: 56px;\">\n<td style=\"width: 258px; height: 56px; text-align: left;\"><span style=\"font-size: 14pt;\"><strong><span style=\"font-family: arial, helvetica, sans-serif; color: #993300;\">SENNOUR Rabah<\/span><\/strong><\/span><\/td>\n<td style=\"width: 174px; height: 56px; text-align: left;\"><strong><span style=\"font-family: arial, helvetica, sans-serif;\">Secr\u00e9taire G\u00e9n\u00e9ral<\/span><\/strong><\/td>\n<td style=\"width: 227px; height: 56px; text-align: left;\"><span style=\"font-family: arial, helvetica, sans-serif;\">T\u00e9l: <strong>05 57 08 07 15<\/strong><\/span><\/td>\n<\/tr>\n<tr style=\"height: 56px;\">\n<td style=\"width: 258px; height: 56px; text-align: left;\"><span style=\"font-size: 14pt;\"><strong><span style=\"font-family: arial, helvetica, sans-serif; color: #993300;\">TENZER Mohand Sa\u00efd<\/span><\/strong><\/span><\/td>\n<td style=\"width: 174px; height: 56px; text-align: left;\"><strong><span style=\"font-family: arial, helvetica, sans-serif;\">Secr\u00e9taire Adjoint<\/span><\/strong><\/td>\n<td style=\"width: 227px; height: 56px; text-align: left;\"><span style=\"font-family: arial, helvetica, sans-serif;\">T\u00e9l:<strong> 05 40 62 03 68<\/strong><\/span><\/td>\n<\/tr>\n<tr style=\"height: 28px;\">\n<td style=\"width: 258px; height: 28px; text-align: left;\"><span style=\"font-size: 14pt;\"><strong><span style=\"font-family: arial, helvetica, sans-serif; color: #993300;\">SENNOUR Mohamed Ouamar<\/span><\/strong><\/span><\/td>\n<td style=\"width: 174px; height: 28px; text-align: left;\"><strong><span style=\"font-family: arial, helvetica, sans-serif;\">Accesseur<\/span><\/strong><\/td>\n<td style=\"width: 227px; height: 28px; text-align: left;\"><span style=\"font-family: arial, helvetica, sans-serif;\">T\u00e9l: <strong>05 61 63 27 13<\/strong><\/span><\/td>\n<\/tr>\n<tr style=\"height: 28px;\">\n<td style=\"width: 258px; height: 28px; text-align: left;\"><span style=\"font-size: 14pt;\"><strong><span style=\"font-family: arial, helvetica, sans-serif; color: #993300;\">RASSOUL Rachid<\/span><\/strong><\/span><\/td>\n<td style=\"width: 174px; height: 28px; text-align: left;\"><strong><span style=\"font-family: arial, helvetica, sans-serif;\">Accesseur<\/span><\/strong><\/td>\n<td style=\"width: 227px; height: 28px; text-align: left;\"><span style=\"font-family: arial, helvetica, sans-serif;\">T\u00e9l: <strong>06 62 50 66 83<\/strong><\/span><\/td>\n<\/tr>\n<\/tbody>\n<\/table>\n","protected":false},"excerpt":{"rendered":"<p>CHERS CONCITOYENS, VOUS ETES LES BIENVENUS! TAREB ALI Pr\u00e9sident du Comit\u00e9 T\u00e9l:06 70 01 83 29 E-Mail:\u00a0ali.tareb@yahoo.fr MOULA\u00cf Rachid 1er Vice-Pr\u00e9sident T\u00e9l: 05 53 43 38 86 TEBBAH Boussad 2\u00e8me Vice-Pr\u00e9sident T\u00e9l: 06 70 18 54 08 SENNOUR Rabah Secr\u00e9taire G\u00e9n\u00e9ral T\u00e9l: 05 57 08 07 15 TENZER Mohand Sa\u00efd Secr\u00e9taire Adjoint T\u00e9l: 05 40 &hellip; <a href=\"https:\/\/mon-village-ait-abdelkrim.ovh\/index.php\/contact\/\" class=\"more-link\">Continuer la lecture<span class=\"screen-reader-text\"> de &laquo;&nbsp;Coordonn\u00e9es des Membres du Comit\u00e9&nbsp;&raquo;<\/span><\/a><\/p>\n","protected":false},"author":1,"featured_media":0,"parent":0,"menu_order":0,"comment_status":"closed","ping_status":"closed","template":"","meta":{"footnotes":""},"_links":{"self":[{"href":"https:\/\/mon-village-ait-abdelkrim.ovh\/index.php\/wp-json\/wp\/v2\/pages\/10"}],"collection":[{"href":"https:\/\/mon-village-ait-abdelkrim.ovh\/index.php\/wp-json\/wp\/v2\/pages"}],"about":[{"href":"https:\/\/mon-village-ait-abdelkrim.ovh\/index.php\/wp-json\/wp\/v2\/types\/page"}],"author":[{"embeddable":true,"href":"https:\/\/mon-village-ait-abdelkrim.ovh\/index.php\/wp-json\/wp\/v2\/users\/1"}],"replies":[{"embeddable":true,"href":"https:\/\/mon-village-ait-abdelkrim.ovh\/index.php\/wp-json\/wp\/v2\/comments?post=10"}],"version-history":[{"count":3,"href":"https:\/\/mon-village-ait-abdelkrim.ovh\/index.php\/wp-json\/wp\/v2\/pages\/10\/revisions"}],"predecessor-version":[{"id":379,"href":"https:\/\/mon-village-ait-abdelkrim.ovh\/index.php\/wp-json\/wp\/v2\/pages\/10\/revisions\/379"}],"wp:attachment":[{"href":"https:\/\/mon-village-ait-abdelkrim.ovh\/index.php\/wp-json\/wp\/v2\/media?parent=10"}],"curies":[{"name":"wp","href":"https:\/\/api.w.org\/{rel}","templated":true}]}}